t i = -458 - -458. Suppose 3*t = 3*r + 7*t - 41543, i = -r - 4*t + 13845. Is r a prime number?
False
Let f = 26 + 0. Suppose f*t + 8 = 30*t. Suppose -5*z + 3*c - 2*c + 1080 = 0, 424 = 2*z - t*c. Is z a composite number?
True
Suppose 2 = -z + 5*n, 4*z - n = 6*z - 7. Suppose 10954 = z*g + 3*h + 841, -h = -g + 3367. Is g composite?
True
Let g(r) = -279268*r**3 + 18*r + 19. Is g(-1) composite?
False
Suppose 0 = -5*i - 2*i. Suppose w + 8 = 4*q, i*q + 6 = 2*q - w. Is q*((-4)/(-7) + 1123/7) composite?
True
Let z = -151 - -91. Let l = z + 62. Suppose l*s = -2*x + 736, -3 = s - 0. Is x a prime number?
False
Let g(x) = -4*x + 841 - 10*x**2 + 9*x**2 + 0*x**2. Is g(0) prime?
False
Suppose -9*r + 51 + 48 = 0. Let k(d) = -43*d - 3. Let p be k(r). Let q = p + 1117. Is q composite?
False
Let m = 267 - 255. Suppose -m*q = -8*q - 20, 2204 = c + 5*q. Is c a prime number?
True
Let k(a) = -45*a**3 + 3*a + 2. Let w be k(-2). Suppose 7895 = 3*h + w. Is h prime?
False
Suppose 15*x = 10*x. Suppose 3*m + 138 = -x*m. Let r = m + 164. Is r composite?
True
Let o be -7 + -4 + (-7 - -14). Is 210760/48 - o/24 prime?
True
Let b be -1*(-174)/3 - (1 - -1). Let t = -71 + b. Is ((-1254)/(-9))/((-10)/t) a prime number?
False
Suppose -7*k + 11*k = 27856. Suppose 4224 = 4*i - k. Is i a prime number?
True
Let c(k) = -k**2 - 20*k + 111. Let w be c(-16). Suppose -4264 = -4*q - 5*b, 0 = 2*q + b - w - 1951. Is q prime?
True
Let f(w) be the second derivative of w**5/4 - w**4/4 - 2*w**3/3 + 2*w**2 + 44*w. Let z be f(-8). Let y = -1929 - z. Is y composite?
False
Suppose -12*d + l + 43187 = -11*d, -7*d + 302309 = l. Is d a composite number?
True
Suppose -40*f + 43733 + 100293 = -17454. Is f a prime number?
False
Let x = -247444 + 432921. Is x a prime number?
True
Let o(f) = 211396*f**2 - 12*f - 65. Is o(-4) prime?
True
Let r = 54 + -50. Suppose 0 = -5*a - 2*u + 62193, -5*a - r*u - 8206 = -70407. Is a composite?
False
Suppose -4*f + 1595800 = 4*y, 11*f - 13*f - 10372896 = -26*y. Is y composite?
True
Suppose 31*k = 122423 - 52669 + 394285. Is k prime?
True
Let b(n) = -166*n**3 + 9*n - 4*n**2 + 327*n**3 - 162*n**3 - 12. Let g be b(-11). Suppose g = 4*h - 0*t - 2*t, 3*t = 2*h - 364. Is h a composite number?
True
Suppose -11 = -2*w - 1. Suppose -w*k + 3*k - 84 = 0. Is (k + 1)/((-1)/7) a prime number?
False
Suppose 2*g - 1035737 = -11*g + 774162. Is g a composite number?
True
Let q(x) = -x**3 - 4 + 3*x**2 + 3*x**2 + 2*x - 9*x. Let y be q(4). Suppose -5*k - 3 + 38 = y. Is k a composite number?
False
Let x be ((-1)/(-2))/(2/16). Suppose -x*o - c = -3*o + 19, 3*o + 89 = 5*c. Is -8 + 12 - o*13 composite?
True
Suppose -1436 = g - 3*g - w, 2*g + 2*w - 1434 = 0. Suppose v = -2, z - 2*z = v - g. Let t = -44 + z. Is t a prime number?
True
Let i(q) = -47*q**3 + 22*q**2 - 25*q - 27. Is i(-17) a composite number?
True
Let s be (45/2)/15*452/6. Let i = 234 - s. Is i prime?
False
Let u = 309687 + -152060. Is u composite?
False
Let y be 1*(-1)/4 + (-1299402)/(-936). Let r = 269 + y. Is r composite?
False
Let j(r) be the third derivative of 47*r**4/4 + 7*r**3/6 - 10*r**2. Let z be j(6). Suppose 0 = -3*w - 5*p + 337 + z, 5*w - 3388 = -3*p. Is w a composite number?
False
Let w = 584313 + -234995. Is w a composite number?
True
Let k = -21 + 15. Let z(l) = l**2 + 8*l - 1. Let p be z(k). Let c(f) = -f**3 - 12*f**2 - 9*f - 21. Is c(p) a prime number?
False
Is (-111087)/(-5 - -14)*(-3)/((-6)/(-38)) composite?
True
Let f(m) = -2*m + 5. Let s be f(3). Let j be 4454/(-3) + s/3. Is ((-1)/3)/(15/j) composite?
True
Is (-17)/(1 - -16)*30491*-17 a composite number?
True
Let n be (-82 - 10)*(-3)/12. Suppose 19*q = 5*r + n*q - 52425, -2*q - 41966 = -4*r. Is r composite?
True
Let x be 0 - (20675/(-2) - 1/(-2)). Let v = x - 7200. Is v prime?
True
Let b = -2219 - -1268. Let f = -482 - b. Is f prime?
False
Let n(w) = 3674*w - 2195. Is n(11) composite?
False
Let k(a) be the second derivative of -a**7/840 + a**6/30 - a**5/15 - 3*a**4/8 + 5*a**3/2 + 9*a. Let p(d) be the second derivative of k(d). Is p(10) composite?
True
Let w(i) = 3*i**2 - 16*i - 13. Suppose 33*u + 12 = 35*u. Let o be w(u). Is ((-1941)/(-2))/(o/(-2)) + -2 prime?
False
Let v = -13694 - -58045. Is v a prime number?
True
Is (4/(-3))/((-176)/9278148) prime?
True
Let x be 42/63 - (-32)/6. Is (-81)/(-243) + 49090/x composite?
True
Suppose 5*k = 3*z - 1721, 7*z = 2*z + 10. Let d = k - -1440. Is d a prime number?
True
Let b = -13490 - -62809. Is b composite?
True
Suppose 1378*i + 330 = 1384*i. Suppose -44 = 2*v - v. Let j = i + v. Is j composite?
False
Is 2/(-6) + (-1020796)/(-12) prime?
False
Let x = 39654 + 32159. Is x prime?
False
Suppose 0 = s + 4, 0*s = -p - s + 1. Suppose -9*x + 3*r = -13*x + 3817, -2*r + 4773 = p*x. Is x prime?
False
Let u(k) = k**2 + 33*k - 148. Let j be u(4). Suppose j = -2*t + 7*t - x - 46336, 5*t = -3*x + 46332. Is t a prime number?
False
Is ((-413)/(-35))/(21/22155) prime?
False
Suppose -93*v + 51 = -90*v. Suppose -g + 2*b + v = 0, -4*g + 2*b = -8*g + 18. Suppose 6444 = g*z + 1747. Is z a composite number?
True
Let l be (-114)/27 + (-6)/(-27). Let u be ((-2)/3)/(l/(-15378)). Let n = -1685 - u. Is n a prime number?
False
Suppose 0 = d - 8*d + 54005. Suppose -3*t + 2038 = -d. Is t a composite number?
False
Let i(x) = -150164*x + 135. Is i(-1) a prime number?
True
Suppose -1418385 = -5*r + 14*n - 19*n, n = -5*r + 1418385. Is r prime?
False
Let c(l) = -2*l**2 + 29*l + 18. Let m be c(16). Let z be (10/4 + 1)*m/(-5). Suppose 25*o - 172 = z*o. Is o a composite number?
False
Let z be (2 - 6113)/(-3) + (-5 - -9). Let u = z + -24. Is u composite?
False
Let r = 554438 + -303085. Is r a prime number?
True
Let n(k) = -k**3 - 6*k**2 - 2*k + 6. Let s be n(-6). Suppose s*x - 2 = 88. Is ((-20860)/(-8))/x*2 a prime number?
False
Let r be 6/57 - 12780/114. Suppose 2*v + 5331 = -66189. Is v/r - 2/7 prime?
False
Let r = 335 - 349. Is 24313 + 52/14 + r/(-49) prime?
True
Suppose -127*y + 71839108 = 61*y + 48*y. Is y a composite number?
True
Let f = -15380 + 15427. Let j be -21*(-3 + -1 - 0). Let r = j - f. Is r a composite number?
False
Suppose -41*y = -3*y - 3661718. Is y a prime number?
False
Let c be -4 - -5 - 0/(-9). Is (c + -3 + 3)/(10/23330) composite?
False
Let x(n) = 2*n - 17. Let l be x(10). Suppose 4*j = 5*q - 65622, -5*j - l + 13 = 0. Suppose -v = -3*v + q. Is v prime?
True
Suppose 0 = -4*d + 16, -4*a - d + 13 = -a. Let r be (15/(-18)*a)/((-1)/(-10)). Let s(b) = 2*b**2 + 37*b + 6. Is s(r) composite?
False
Suppose -8 + 36 = 7*z. Let g = 16 - 14. Suppose 4*j - c - z*c = 2981, 0 = g*c - 6. Is j a prime number?
False
Suppose -t - 4*i + 73209 = 0, 0 = -5*t + 17*i - 16*i + 365961. Is t a prime number?
False
Suppose f - 2*h = -9, 3 + 14 = -5*f + 3*h. Let k be 2/(-8) - (2261/4)/f. Suppose 7*w - 12*w = -k. Is w a prime number?
True
Suppose 2*z - 16118 = 2*s, -3*z + s = -21702 - 2475. Is z prime?
True
Let d = -780 + 780. Let t = -825 - -1648. Suppose 0 + 4 = -o, d = -3*w + 4*o + t. Is w a prime number?
True
Let y(x) = -63 + 10*x + 3*x - 50*x - 93*x. Is y(-5) a composite number?
False
Suppose -z + 53515 = 2*j - 21993, 2*z = -5*j + 151023. Is z a composite number?
True
Suppose 0 = -3*w + 3*l + 6, -3*l + 15 - 7 = 4*w. Is 4394/w - (23 + -29) composite?
False
Suppose -3*o - 2310317 - 4542959 = -5*k, 2*o + 6853279 = 5*k. Is k a composite number?
False
Let d = 190 + -188. Suppose -d*f = -8*f + 3678. Is f a prime number?
True
Let q = -137703 - -396562. Is q composite?
True
Suppose 71*u = 65*u + 12114. Let y = u + 824. Is y a prime number?
True
Let x(u) = 10*u - 50. Let p be x(5). Is ((-177)/(-118))/(p + (-6)/(-10084)) prime?
True
Let d = -954 - -960. Let w(r) = 4*r**3 - 5 - r**2 - 4*r - 21*r - 3*r**2. Is w(d) a composite number?
True
Let j(g) = 2004*g**3 + 31*g**2 - 17*g + 6. Let u(c) = 668*c**3 + 11*c**2 - 6*c + 2. Let t(q) = -6*j(q) + 17*u(q). Is t(-1) a prime number?
False
Suppose t - 3471 = 3413. Let a = t - 2547. Is a a composite number?
False
Let z(l) = 698*l - 3. Let t be z(5). Suppose -5*v + t = -5058. Is v composite?
False
Let t(g) = -16*g**2 + 4*g**3 + 18 - 5*g**3 + 32*g + 16*g**2. Is t(-8) prime?
False
Let r(d) = -d**3 - 32*d**2 - 81*d - 79. Let m be -38 - (16/(-80) - (-24)/(-5)). Is r(m) composite?
True
Let x(s) = -680*s**3 + 3*s**2 + 3*s + 1. Let q be x(-1). L